{"id":375,"date":"2022-12-13T22:22:40","date_gmt":"2022-12-13T21:22:40","guid":{"rendered":"https:\/\/up2sky.aero\/?post_type=product&#038;p=375"},"modified":"2026-03-21T20:23:06","modified_gmt":"2026-03-21T19:23:06","slug":"nakolennik-profi","status":"publish","type":"product","link":"https:\/\/up2sky.aero\/en\/product\/nakolennik-profi\/","title":{"rendered":"PROFI knee pad"},"content":{"rendered":"<p>T\u00e1to elegantn\u00e1 a ve\u013emi kvalitn\u00e1 n\u00e1kolenn\u00e1 doska form\u00e1tu A5 je vyroben\u00e1 z ekologickej ko\u017ee, so \u0161irok\u00fdm remienkom na such\u00fd zips s proti\u0161mykov\u00fdmi podlo\u017ekami pre stabilitu, pridr\u017eiavacou sponou, dvoma elastick\u00fdmi dr\u017eiakmi na per\u00e1 a z\u00e1suvkou pre stopky zo s\u00fapravy PILOT CONTROLLER\u00ae KIT.<\/p>\n<p>N\u00e1kolenn\u00e1 doska PROFI m\u00e1 na pravej strane prstencov\u00fd mechanizmus \u2013 so \u0161tandardnou \u0161\u00edrkou A5 \u2013 na usporiadanie va\u0161ich IFR pribli\u017eovac\u00edch platn\u00ed, aby ste mali pri lietan\u00ed vo\u013en\u00fa ruku.<\/p>\n<p>Vo vn\u00fatri je 6 prieh\u013eadn\u00fdch vreciek na pribli\u017eovacie mapy, kontroln\u00e9 zoznamy, vrecko na mapy a vrecko na vizitky.<\/p>\n<p>Rozmer: 18,5x25,5x2 cm<\/p>","protected":false},"excerpt":{"rendered":"<p>T\u00e1to elegantn\u00e1 a ve\u013emi kvalitn\u00e1 n\u00e1kolenn\u00e1 doska form\u00e1tu A5 je vyroben\u00e1 z ekologickej ko\u017ee, so \u0161irok\u00fdm remienkom na such\u00fd zips s proti\u0161mykov\u00fdmi podlo\u017ekami pre stabilitu, pridr\u017eiavacou sponou, dvoma elastick\u00fdmi dr\u017eiakmi na per\u00e1 a z\u00e1suvkou pre stopky zo s\u00fapravy PILOT CONTROLLER\u00ae KIT. N\u00e1kolenn\u00e1 doska PROFI m\u00e1 na pravej strane prstencov\u00fd mechanizmus \u2013 so \u0161tandardnou \u0161\u00edrkou A5 [&hellip;]<\/p>","protected":false},"featured_media":376,"template":"","meta":{"_acf_changed":false,"inline_featured_image":false},"product_brand":[],"product_cat":[27,22],"product_tag":[29],"class_list":{"0":"post-375","1":"product","2":"type-product","3":"status-publish","4":"has-post-thumbnail","6":"product_cat-nakolenniky","7":"product_cat-pilot-shop","8":"product_tag-design-4-pilots","10":"first","11":"instock","12":"taxable","13":"shipping-taxable","14":"purchasable","15":"product-type-variable"},"acf":[],"yoast_head":"<!-- This site is optimized with the Yoast SEO plugin v27.5 - https:\/\/yoast.com\/product\/yoast-seo-wordpress\/ -->\n<title>N\u00e1kolenn\u00edk PROFI - up2sky.aero<\/title>\n<meta name=\"description\" content=\"T\u00e1to elegantn\u00e1 a ve\u013emi kvalitn\u00e1 n\u00e1kolenn\u00e1 doska form\u00e1tu A5 je vyroben\u00e1 z ekologickej ko\u017ee, so \u0161irok\u00fdm remienkom na such\u00fd zips s proti\u0161mykov\u00fdmi podlo\u017ekami.\" \/>\n<meta name=\"robots\" content=\"index, follow, max-snippet:-1, max-image-preview:large, max-video-preview:-1\" \/>\n<link rel=\"canonical\" href=\"https:\/\/up2sky.aero\/en\/product\/nakolennik-profi\/\" \/>\n<meta property=\"og:locale\" content=\"en_GB\" \/>\n<meta property=\"og:type\" content=\"article\" \/>\n<meta property=\"og:title\" content=\"N\u00e1kolenn\u00edk PROFI - up2sky.aero\" \/>\n<meta property=\"og:description\" content=\"T\u00e1to elegantn\u00e1 a ve\u013emi kvalitn\u00e1 n\u00e1kolenn\u00e1 doska form\u00e1tu A5 je vyroben\u00e1 z ekologickej ko\u017ee, so \u0161irok\u00fdm remienkom na such\u00fd zips s proti\u0161mykov\u00fdmi podlo\u017ekami.\" \/>\n<meta property=\"og:url\" content=\"https:\/\/up2sky.aero\/en\/product\/nakolennik-profi\/\" \/>\n<meta property=\"og:site_name\" content=\"up2sky.aero\" \/>\n<meta property=\"article:publisher\" content=\"https:\/\/www.facebook.com\/up2sky.aero\" \/>\n<meta property=\"article:modified_time\" content=\"2026-03-21T19:23:06+00:00\" \/>\n<meta property=\"og:image\" content=\"http:\/\/up2sky.aero\/wp-content\/uploads\/2022\/12\/F5250553-4F54-459B-9FB7-627EBD01CD62.webp\" \/>\n\t<meta property=\"og:image:width\" content=\"577\" \/>\n\t<meta property=\"og:image:height\" content=\"800\" \/>\n\t<meta property=\"og:image:type\" content=\"image\/webp\" \/>\n<meta name=\"twitter:card\" content=\"summary_large_image\" \/>\n<meta name=\"twitter:label1\" content=\"Estimated reading time\" \/>\n\t<meta name=\"twitter:data1\" content=\"1 minute\" \/>\n<script type=\"application\/ld+json\" class=\"yoast-schema-graph\">{\"@context\":\"https:\\\/\\\/schema.org\",\"@graph\":[{\"@type\":\"WebPage\",\"@id\":\"https:\\\/\\\/up2sky.aero\\\/produkt\\\/nakolennik-profi\\\/\",\"url\":\"https:\\\/\\\/up2sky.aero\\\/produkt\\\/nakolennik-profi\\\/\",\"name\":\"N\u00e1kolenn\u00edk PROFI - up2sky.aero\",\"isPartOf\":{\"@id\":\"https:\\\/\\\/up2sky.aero\\\/#website\"},\"primaryImageOfPage\":{\"@id\":\"https:\\\/\\\/up2sky.aero\\\/produkt\\\/nakolennik-profi\\\/#primaryimage\"},\"image\":{\"@id\":\"https:\\\/\\\/up2sky.aero\\\/produkt\\\/nakolennik-profi\\\/#primaryimage\"},\"thumbnailUrl\":\"https:\\\/\\\/up2sky.aero\\\/wp-content\\\/uploads\\\/2022\\\/12\\\/F5250553-4F54-459B-9FB7-627EBD01CD62.webp\",\"datePublished\":\"2022-12-13T21:22:40+00:00\",\"dateModified\":\"2026-03-21T19:23:06+00:00\",\"description\":\"T\u00e1to elegantn\u00e1 a ve\u013emi kvalitn\u00e1 n\u00e1kolenn\u00e1 doska form\u00e1tu A5 je vyroben\u00e1 z ekologickej ko\u017ee, so \u0161irok\u00fdm remienkom na such\u00fd zips s proti\u0161mykov\u00fdmi podlo\u017ekami.\",\"breadcrumb\":{\"@id\":\"https:\\\/\\\/up2sky.aero\\\/produkt\\\/nakolennik-profi\\\/#breadcrumb\"},\"inLanguage\":\"en-GB\",\"potentialAction\":[{\"@type\":\"ReadAction\",\"target\":[\"https:\\\/\\\/up2sky.aero\\\/produkt\\\/nakolennik-profi\\\/\"]}]},{\"@type\":\"ImageObject\",\"inLanguage\":\"en-GB\",\"@id\":\"https:\\\/\\\/up2sky.aero\\\/produkt\\\/nakolennik-profi\\\/#primaryimage\",\"url\":\"https:\\\/\\\/up2sky.aero\\\/wp-content\\\/uploads\\\/2022\\\/12\\\/F5250553-4F54-459B-9FB7-627EBD01CD62.webp\",\"contentUrl\":\"https:\\\/\\\/up2sky.aero\\\/wp-content\\\/uploads\\\/2022\\\/12\\\/F5250553-4F54-459B-9FB7-627EBD01CD62.webp\",\"width\":577,\"height\":800},{\"@type\":\"BreadcrumbList\",\"@id\":\"https:\\\/\\\/up2sky.aero\\\/produkt\\\/nakolennik-profi\\\/#breadcrumb\",\"itemListElement\":[{\"@type\":\"ListItem\",\"position\":1,\"name\":\"Domovsk\u00e1 str\u00e1nka\",\"item\":\"https:\\\/\\\/up2sky.aero\\\/\"},{\"@type\":\"ListItem\",\"position\":2,\"name\":\"Pilot shop\",\"item\":\"https:\\\/\\\/up2sky.aero\\\/?page_id=126\"},{\"@type\":\"ListItem\",\"position\":3,\"name\":\"N\u00e1kolenn\u00edk PROFI\"}]},{\"@type\":\"WebSite\",\"@id\":\"https:\\\/\\\/up2sky.aero\\\/#website\",\"url\":\"https:\\\/\\\/up2sky.aero\\\/\",\"name\":\"up2sky.aero\",\"description\":\"Z\u00e1\u017eitkov\u00e9 lety pre milovn\u00edkov dobrodru\u017estiev\",\"publisher\":{\"@id\":\"https:\\\/\\\/up2sky.aero\\\/#organization\"},\"alternateName\":\"up2sky\",\"potentialAction\":[{\"@type\":\"SearchAction\",\"target\":{\"@type\":\"EntryPoint\",\"urlTemplate\":\"https:\\\/\\\/up2sky.aero\\\/?s={search_term_string}\"},\"query-input\":{\"@type\":\"PropertyValueSpecification\",\"valueRequired\":true,\"valueName\":\"search_term_string\"}}],\"inLanguage\":\"en-GB\"},{\"@type\":\"Organization\",\"@id\":\"https:\\\/\\\/up2sky.aero\\\/#organization\",\"name\":\"up2sky.aero, s.r.o.\",\"url\":\"https:\\\/\\\/up2sky.aero\\\/\",\"logo\":{\"@type\":\"ImageObject\",\"inLanguage\":\"en-GB\",\"@id\":\"https:\\\/\\\/up2sky.aero\\\/#\\\/schema\\\/logo\\\/image\\\/\",\"url\":\"https:\\\/\\\/up2sky.aero\\\/wp-content\\\/uploads\\\/2022\\\/10\\\/up2sky-logo.svg\",\"contentUrl\":\"https:\\\/\\\/up2sky.aero\\\/wp-content\\\/uploads\\\/2022\\\/10\\\/up2sky-logo.svg\",\"width\":180,\"height\":141,\"caption\":\"up2sky.aero, s.r.o.\"},\"image\":{\"@id\":\"https:\\\/\\\/up2sky.aero\\\/#\\\/schema\\\/logo\\\/image\\\/\"},\"sameAs\":[\"https:\\\/\\\/www.facebook.com\\\/up2sky.aero\"]}]}<\/script>\n<!-- \/ Yoast SEO plugin. -->","yoast_head_json":{"title":"N\u00e1kolenn\u00edk PROFI - up2sky.aero","description":"T\u00e1to elegantn\u00e1 a ve\u013emi kvalitn\u00e1 n\u00e1kolenn\u00e1 doska form\u00e1tu A5 je vyroben\u00e1 z ekologickej ko\u017ee, so \u0161irok\u00fdm remienkom na such\u00fd zips s proti\u0161mykov\u00fdmi podlo\u017ekami.","robots":{"index":"index","follow":"follow","max-snippet":"max-snippet:-1","max-image-preview":"max-image-preview:large","max-video-preview":"max-video-preview:-1"},"canonical":"https:\/\/up2sky.aero\/en\/product\/nakolennik-profi\/","og_locale":"en_GB","og_type":"article","og_title":"N\u00e1kolenn\u00edk PROFI - up2sky.aero","og_description":"T\u00e1to elegantn\u00e1 a ve\u013emi kvalitn\u00e1 n\u00e1kolenn\u00e1 doska form\u00e1tu A5 je vyroben\u00e1 z ekologickej ko\u017ee, so \u0161irok\u00fdm remienkom na such\u00fd zips s proti\u0161mykov\u00fdmi podlo\u017ekami.","og_url":"https:\/\/up2sky.aero\/en\/product\/nakolennik-profi\/","og_site_name":"up2sky.aero","article_publisher":"https:\/\/www.facebook.com\/up2sky.aero","article_modified_time":"2026-03-21T19:23:06+00:00","og_image":[{"width":577,"height":800,"url":"http:\/\/up2sky.aero\/wp-content\/uploads\/2022\/12\/F5250553-4F54-459B-9FB7-627EBD01CD62.webp","type":"image\/webp"}],"twitter_card":"summary_large_image","twitter_misc":{"Estimated reading time":"1 minute"},"schema":{"@context":"https:\/\/schema.org","@graph":[{"@type":"WebPage","@id":"https:\/\/up2sky.aero\/produkt\/nakolennik-profi\/","url":"https:\/\/up2sky.aero\/produkt\/nakolennik-profi\/","name":"N\u00e1kolenn\u00edk PROFI - up2sky.aero","isPartOf":{"@id":"https:\/\/up2sky.aero\/#website"},"primaryImageOfPage":{"@id":"https:\/\/up2sky.aero\/produkt\/nakolennik-profi\/#primaryimage"},"image":{"@id":"https:\/\/up2sky.aero\/produkt\/nakolennik-profi\/#primaryimage"},"thumbnailUrl":"https:\/\/up2sky.aero\/wp-content\/uploads\/2022\/12\/F5250553-4F54-459B-9FB7-627EBD01CD62.webp","datePublished":"2022-12-13T21:22:40+00:00","dateModified":"2026-03-21T19:23:06+00:00","description":"T\u00e1to elegantn\u00e1 a ve\u013emi kvalitn\u00e1 n\u00e1kolenn\u00e1 doska form\u00e1tu A5 je vyroben\u00e1 z ekologickej ko\u017ee, so \u0161irok\u00fdm remienkom na such\u00fd zips s proti\u0161mykov\u00fdmi podlo\u017ekami.","breadcrumb":{"@id":"https:\/\/up2sky.aero\/produkt\/nakolennik-profi\/#breadcrumb"},"inLanguage":"en-GB","potentialAction":[{"@type":"ReadAction","target":["https:\/\/up2sky.aero\/produkt\/nakolennik-profi\/"]}]},{"@type":"ImageObject","inLanguage":"en-GB","@id":"https:\/\/up2sky.aero\/produkt\/nakolennik-profi\/#primaryimage","url":"https:\/\/up2sky.aero\/wp-content\/uploads\/2022\/12\/F5250553-4F54-459B-9FB7-627EBD01CD62.webp","contentUrl":"https:\/\/up2sky.aero\/wp-content\/uploads\/2022\/12\/F5250553-4F54-459B-9FB7-627EBD01CD62.webp","width":577,"height":800},{"@type":"BreadcrumbList","@id":"https:\/\/up2sky.aero\/produkt\/nakolennik-profi\/#breadcrumb","itemListElement":[{"@type":"ListItem","position":1,"name":"Domovsk\u00e1 str\u00e1nka","item":"https:\/\/up2sky.aero\/"},{"@type":"ListItem","position":2,"name":"Pilot shop","item":"https:\/\/up2sky.aero\/?page_id=126"},{"@type":"ListItem","position":3,"name":"N\u00e1kolenn\u00edk PROFI"}]},{"@type":"WebSite","@id":"https:\/\/up2sky.aero\/#website","url":"https:\/\/up2sky.aero\/","name":"up2sky.aero","description":"Z\u00e1\u017eitkov\u00e9 lety pre milovn\u00edkov dobrodru\u017estiev","publisher":{"@id":"https:\/\/up2sky.aero\/#organization"},"alternateName":"up2sky","potentialAction":[{"@type":"SearchAction","target":{"@type":"EntryPoint","urlTemplate":"https:\/\/up2sky.aero\/?s={search_term_string}"},"query-input":{"@type":"PropertyValueSpecification","valueRequired":true,"valueName":"search_term_string"}}],"inLanguage":"en-GB"},{"@type":"Organization","@id":"https:\/\/up2sky.aero\/#organization","name":"up2sky.aero, s.r.o.","url":"https:\/\/up2sky.aero\/","logo":{"@type":"ImageObject","inLanguage":"en-GB","@id":"https:\/\/up2sky.aero\/#\/schema\/logo\/image\/","url":"https:\/\/up2sky.aero\/wp-content\/uploads\/2022\/10\/up2sky-logo.svg","contentUrl":"https:\/\/up2sky.aero\/wp-content\/uploads\/2022\/10\/up2sky-logo.svg","width":180,"height":141,"caption":"up2sky.aero, s.r.o."},"image":{"@id":"https:\/\/up2sky.aero\/#\/schema\/logo\/image\/"},"sameAs":["https:\/\/www.facebook.com\/up2sky.aero"]}]}},"_links":{"self":[{"href":"https:\/\/up2sky.aero\/en\/wp-json\/wp\/v2\/product\/375","targetHints":{"allow":["GET"]}}],"collection":[{"href":"https:\/\/up2sky.aero\/en\/wp-json\/wp\/v2\/product"}],"about":[{"href":"https:\/\/up2sky.aero\/en\/wp-json\/wp\/v2\/types\/product"}],"wp:featuredmedia":[{"embeddable":true,"href":"https:\/\/up2sky.aero\/en\/wp-json\/wp\/v2\/media\/376"}],"wp:attachment":[{"href":"https:\/\/up2sky.aero\/en\/wp-json\/wp\/v2\/media?parent=375"}],"wp:term":[{"taxonomy":"product_brand","embeddable":true,"href":"https:\/\/up2sky.aero\/en\/wp-json\/wp\/v2\/product_brand?post=375"},{"taxonomy":"product_cat","embeddable":true,"href":"https:\/\/up2sky.aero\/en\/wp-json\/wp\/v2\/product_cat?post=375"},{"taxonomy":"product_tag","embeddable":true,"href":"https:\/\/up2sky.aero\/en\/wp-json\/wp\/v2\/product_tag?post=375"}],"curies":[{"name":"wp","href":"https:\/\/api.w.org\/{rel}","templated":true}]}}

<p>Táto elegantná a veľmi kvalitná nákolenná doska formátu A5 je vyrobená z ekologickej kože, so širokým remienkom na suchý zips s protišmykovými podložkami pre stabilitu, pridržiavacou sponou, dvoma elastickými držiakmi na perá a zásuvkou pre stopky zo súpravy PILOT CONTROLLER® KIT.</p>
<p>Nákolenná doska PROFI má na pravej strane prstencový mechanizmus – so štandardnou šírkou A5 – na usporiadanie vašich IFR približovacích platní, aby ste mali pri lietaní voľnú ruku.</p>
<p>Vo vnútri je 6 priehľadných vreciek na približovacie mapy, kontrolné zoznamy, vrecko na mapy a vrecko na vizitky.</p>
<p>Rozmer: 18,5x25,5x2 cm</p>

<p>Táto elegantná a veľmi kvalitná nákolenná doska formátu A5 je vyrobená z ekologickej kože, so širokým remienkom na suchý zips s protišmykovými podložkami pre stabilitu, pridržiavacou sponou, dvoma elastickými držiakmi na perá a zásuvkou pre stopky zo súpravy PILOT CONTROLLER® KIT. Nákolenná doska PROFI má na pravej strane prstencový mechanizmus – so štandardnou šírkou A5 [&hellip;]</p>

<!-- This site is optimized with the Yoast SEO plugin v27.5 - https://yoast.com/product/yoast-seo-wordpress/ -->
<title>Nákolenník PROFI - up2sky.aero</title>
<meta name="description" content="Táto elegantná a veľmi kvalitná nákolenná doska formátu A5 je vyrobená z ekologickej kože, so širokým remienkom na suchý zips s protišmykovými podložkami." />
<meta name="robots" content="index, follow, max-snippet:-1, max-image-preview:large, max-video-preview:-1" />
<link rel="canonical" href="https://up2sky.aero/en/product/nakolennik-profi/" />
<meta property="og:locale" content="en_GB" />
<meta property="og:type" content="article" />
<meta property="og:title" content="Nákolenník PROFI - up2sky.aero" />
<meta property="og:description" content="Táto elegantná a veľmi kvalitná nákolenná doska formátu A5 je vyrobená z ekologickej kože, so širokým remienkom na suchý zips s protišmykovými podložkami." />
<meta property="og:url" content="https://up2sky.aero/en/product/nakolennik-profi/" />
<meta property="og:site_name" content="up2sky.aero" />
<meta property="article:publisher" content="https://www.facebook.com/up2sky.aero" />
<meta property="article:modified_time" content="2026-03-21T19:23:06+00:00" />
<meta property="og:image" content="http://up2sky.aero/wp-content/uploads/2022/12/F5250553-4F54-459B-9FB7-627EBD01CD62.webp" />
	<meta property="og:image:width" content="577" />
	<meta property="og:image:height" content="800" />
	<meta property="og:image:type" content="image/webp" />
<meta name="twitter:card" content="summary_large_image" />
<meta name="twitter:label1" content="Estimated reading time" />
	<meta name="twitter:data1" content="1 minute" />
<script type="application/ld+json" class="yoast-schema-graph">{"@context":"https:\/\/schema.org","@graph":[{"@type":"WebPage","@id":"https:\/\/up2sky.aero\/produkt\/nakolennik-profi\/","url":"https:\/\/up2sky.aero\/produkt\/nakolennik-profi\/","name":"Nákolenník PROFI - up2sky.aero","isPartOf":{"@id":"https:\/\/up2sky.aero\/#website"},"primaryImageOfPage":{"@id":"https:\/\/up2sky.aero\/produkt\/nakolennik-profi\/#primaryimage"},"image":{"@id":"https:\/\/up2sky.aero\/produkt\/nakolennik-profi\/#primaryimage"},"thumbnailUrl":"https:\/\/up2sky.aero\/wp-content\/uploads\/2022\/12\/F5250553-4F54-459B-9FB7-627EBD01CD62.webp","datePublished":"2022-12-13T21:22:40+00:00","dateModified":"2026-03-21T19:23:06+00:00","description":"Táto elegantná a veľmi kvalitná nákolenná doska formátu A5 je vyrobená z ekologickej kože, so širokým remienkom na suchý zips s protišmykovými podložkami.","breadcrumb":{"@id":"https:\/\/up2sky.aero\/produkt\/nakolennik-profi\/#breadcrumb"},"inLanguage":"en-GB","potentialAction":[{"@type":"ReadAction","target":["https:\/\/up2sky.aero\/produkt\/nakolennik-profi\/"]}]},{"@type":"ImageObject","inLanguage":"en-GB","@id":"https:\/\/up2sky.aero\/produkt\/nakolennik-profi\/#primaryimage","url":"https:\/\/up2sky.aero\/wp-content\/uploads\/2022\/12\/F5250553-4F54-459B-9FB7-627EBD01CD62.webp","contentUrl":"https:\/\/up2sky.aero\/wp-content\/uploads\/2022\/12\/F5250553-4F54-459B-9FB7-627EBD01CD62.webp","width":577,"height":800},{"@type":"BreadcrumbList","@id":"https:\/\/up2sky.aero\/produkt\/nakolennik-profi\/#breadcrumb","itemListElement":[{"@type":"ListItem","position":1,"name":"Domovská stránka","item":"https:\/\/up2sky.aero\/"},{"@type":"ListItem","position":2,"name":"Pilot shop","item":"https:\/\/up2sky.aero\/?page_id=126"},{"@type":"ListItem","position":3,"name":"Nákolenník PROFI"}]},{"@type":"WebSite","@id":"https:\/\/up2sky.aero\/#website","url":"https:\/\/up2sky.aero\/","name":"up2sky.aero","description":"Zážitkové lety pre milovníkov dobrodružstiev","publisher":{"@id":"https:\/\/up2sky.aero\/#organization"},"alternateName":"up2sky","potentialAction":[{"@type":"SearchAction","target":{"@type":"EntryPoint","urlTemplate":"https:\/\/up2sky.aero\/?s={search_term_string}"},"query-input":{"@type":"PropertyValueSpecification","valueRequired":true,"valueName":"search_term_string"}}],"inLanguage":"en-GB"},{"@type":"Organization","@id":"https:\/\/up2sky.aero\/#organization","name":"up2sky.aero, s.r.o.","url":"https:\/\/up2sky.aero\/","logo":{"@type":"ImageObject","inLanguage":"en-GB","@id":"https:\/\/up2sky.aero\/#\/schema\/logo\/image\/","url":"https:\/\/up2sky.aero\/wp-content\/uploads\/2022\/10\/up2sky-logo.svg","contentUrl":"https:\/\/up2sky.aero\/wp-content\/uploads\/2022\/10\/up2sky-logo.svg","width":180,"height":141,"caption":"up2sky.aero, s.r.o."},"image":{"@id":"https:\/\/up2sky.aero\/#\/schema\/logo\/image\/"},"sameAs":["https:\/\/www.facebook.com\/up2sky.aero"]}]}</script>
<!-- / Yoast SEO plugin. -->

Nákolenník PROFI - up2sky.aero

Táto elegantná a veľmi kvalitná nákolenná doska formátu A5 je vyrobená z ekologickej kože, so širokým remienkom na suchý zips s protišmykovými podložkami.

Domovská stránka

Nákolenník PROFI

Zážitkové lety pre milovníkov dobrodružstiev
